 of u?
1
Let s(j) be the third derivative of -j**4/3 - 23*j**3/6 - 32*j**2. What is the tens digit of s(-14)?
8
Suppose 2*c - 220 = 4*f + 44, 5*c = -4*f + 660. What is the tens digit of c?
3
Let h = -5 + 10. Suppose -h*p = 2*v + 190, v = 2*p + 76 + 9. Let q = p + 61. What is the tens digit of q?
2
Let v be (-24)/(-7) - (-6)/(-14). Let h(q) = 2*q - v*q - 15*q. What is the tens digit of h(-3)?
4
Let r(x) = 53*x**3 - x**2 + 2*x + 6. What is the tens digit of r(2)?
3
Let s(h) = -20*h - 181. What is the hundreds digit of s(-33)?
4
Let p be (48/(-2))/(33/(-22)). Suppose -1 = 5*d - p. What is the units digit of d?
3
Suppose -c + 5 = -0. Suppose -c = d - 6*d. What is the tens digit of d - (0 - (11 - 1))?
1
Let n(j) = j - 1. Let b be n(1). Let c = -26 - -14. What is the tens digit of (b - (-9)/c)*-32?
2
Suppose 5*m + 14248 = 31*m. What is the tens digit of m?
4
Suppose 0*g = -4*d + 3*g + 2377, 2*d - 1191 = g. What is the tens digit of d?
9
Let j = 5 - 5. Suppose j = -5*w - 28 - 12. Let x = w - -42. What is the units digit of x?
4
Let w be 0/(-4 + 3) - -204. Suppose 6*b - w = 2*b. Suppose -n - f = n - b, -71 = -3*n + 4*f. What is the units digit of n?
5
Suppose 8 = -4*u, 0 = 5*f + 5*u - 47 - 43. Suppose 89 - f = 3*g. What is the tens digit of g?
2
Let b(d) be the third derivative of -d**5/60 - 3*d**4/4 + 29*d**3/6 + 28*d**2. What is the tens digit of b(-19)?
1
Suppose 8*r + 21 - 37 = 0. Suppose 4*w = 5*w - 2*v - 7, w = -r*v - 1. What is the units digit of w?
3
Let z = 173 + 19. Suppose z = s - 0*s. What is the tens digit of s?
9
Let p(b) = 3 + 2*b + 3*b**3 - 4 + 15*b**3. Let z = -91 + 92. What is the units digit of p(z)?
9
Suppose -2*w = 4*o - 6359 - 1737, -5*o - 5*w = -10125. What is the hundreds digit of o?
0
Let w(n) = -5*n**2 + 0 - 4 + 14*n**2 + n**3. What is the tens digit of w(-8)?
6
Let x be 1/(9/(-6)) - (-24)/9. What is the hundreds digit of (-1)/x - (-682)/4?
1
Suppose -t + 125 = -4*q, 3*t - 4*t = -5. What is the units digit of 1 + (-2694)/q + 2/10?
1
Let z(n) = -56*n + 139. What is the tens digit of z(-5)?
1
Suppose -27*s + 21*s = -1872. What is the units digit of s?
2
Suppose -7*z = -48 + 27. Suppose 5*k - 1272 = -0*m - z*m, -3*k - 2*m = -764. What is the tens digit of k?
5
Suppose -992 = -2*o - 132. What is the hundreds digit of o?
4
Let w(j) = -35*j. Let x(c) = -36*c + 1. Let v(s) = 2*w(s) - 3*x(s). What is the tens digit of v(2)?
7
Suppose 2*d + 5 = -1. Let s(k) = k**3 + 4*k**2 - 2. Let i be s(d). Suppose 3*o + 20 = 4*v + i*o, v - 1 = -5*o. What is the units digit of v?
6
Suppose -28 - 15 = 4*h - n, 0 = 2*h + 4*n + 26. Let x = 14 + h. Suppose -134 + 11 = -x*b. What is the tens digit of b?
4
Suppose 0 = -5*b - 2*o - 20, -b + 23 = -5*o - 0*o. Let g(k) = 17*k**2 - k - 4. What is the units digit of g(b)?
6
Suppose -y - 7 = 2*a - 4, a = 4*y + 12. Let t(q) = -q**3 + q**2 + q + 103. What is the tens digit of t(a)?
0
Let d(i) = -2*i + 4. Let h(x) = -3*x + 2*x - 4*x**3 - 4 + 2*x + 3*x**3. Let n be h(0). What is the tens digit of d(n)?
1
Let p(b) be the third derivative of -b**5/60 - 3*b**4/8 - 5*b**3/2 - 7*b**2. What is the units digit of p(-5)?
5
Suppose 4*g + 5*h = -43, 0*g + 16 = -g - 3*h. Let s = g - -2. Let u(f) = -f**3 - 3*f**2 + 3*f. What is the units digit of u(s)?
5
Suppose 0*z - 8 = z - 5*b, 4*z - 2*b = -68. Let n be (-3)/z + 136/48. Suppose u = -n*u + 2*p + 202, -4*p = 2*u - 96. What is the tens digit of u?
5
Let w = 22 + 9. Let y = w - 28. What is the units digit of y?
3
Suppose -z = -2*z - 1. Let x(q) = -27*q + 6. Let v(y) = -26*y + 5. Let l(k) = 7*v(k) - 6*x(k). What is the tens digit of l(z)?
1
Let p = -70 + 532. What is the tens digit of p?
6
Suppose 4*b = u - 152, 5*u + 42*b = 45*b + 811. What is the hundreds digit of u?
1
Let l = -73 - -71. What is the tens digit of (1405/10)/(l/(-4))?
8
Suppose 7337 = 16*q + 7*q. What is the hundreds digit of q?
3
Let r(x) = x - 1. Let l be r(-3). Let j(h) = -5*h**3 - h**2 + 2*h + 4. Let b be j(-1). What is the units digit of l + -4*(-15)/b?
6
Suppose 4*m = 3*m + 634. Suppose -6*u - m = -64. Let g = -64 - u. What is the units digit of g?
1
What is the tens digit of (-8)/(-8)*(4 - 3 - -41)?
4
Suppose -7*r - 6*r + 442 = 0. What is the tens digit of r?
3
What is the tens digit of (-390)/845 + 18914/26?
2
Let v(l) = 7*l - 6. Let b(c) = 8*c - 6. Let m(h) = 6*b(h) - 7*v(h). What is the units digit of m(5)?
1
Suppose 3*z + 5*v - 3120 = 0, -3*v - v - 2102 = -2*z. What is the units digit of z?
5
Let q = 20 + -8. Suppose 9*f - 6*f + q = 0. Let k = 36 - f. What is the tens digit of k?
4
Let m be (-1)/(-2) - 9/18. Suppose 2*k = -4*c + 4*k - 470, 2*c - 5*k = -255. What is the units digit of (2 - m)/((-10)/c)?
3
Let w(z) = z**2 + 5*z + 9. Let j be w(-4). Let g be (6/(-5))/((-4)/4600). What is the tens digit of 2/j + g/50?
2
Suppose 13*s = 43*s - 25080. What is the hundreds digit of s?
8
Suppose -240 = 53*t - 57*t. Suppose -2*w + 63 = g, -g - 5*w = -0*w - t. What is the units digit of g?
5
Suppose -k + 260 = -0*k + 4*p, -5*p + 787 = 3*k. Suppose 0 = w + 3*w + k. Let s = w + 110. What is the units digit of s?
4
Suppose 4398 = 2*t + c, 5*c - 6 = 2*c. What is the thousands digit of t?
2
Suppose 57*w = 12*w + 37530. What is the tens digit of w?
3
Let a(w) = w**3 + 11*w**2 + 9*w - 12. Let g be a(-10). Let z be ((-4)/8)/((-1)/g). What is the tens digit of -30*(z - 3/(-6))?
1
Let o be (-1)/(((-14)/404)/7). Let b be o/18 - (-2)/(-9). Suppose -y + 13 = -b. What is the units digit of y?
4
Let l = 160 - 11. What is the units digit of l?
9
Let i be (5 - 7)*(-1)/(-2). What is the units digit of ((-40)/8)/(i/7)?
5
Let j be (-2)/(-3) + 768/9. Let a = 199 - 253. Let l = a + j. What is the tens digit of l?
3
Suppose 11*l = 6*l + 65. Let x(t) = 6*t - 16. What is the units digit of x(l)?
2
Suppose -4*t = -2*u + 35 - 7, 2*t = -2*u - 14. Let v = t - -8. What is the units digit of v?
1
Let a be (30*1 - 4) + 2. Let y = 103 - a. What is the tens digit of y?
7
Suppose -c - 4*c = -5*q + 5, 3*q = c + 3. Suppose 48 - q = v. What is the units digit of v?
7
Suppose -3*s = -0*l - 4*l - 1, 3*s - 7 = l. Suppose 4*o - s*d = d, -o - 5*d = -12. What is the tens digit of o/5 - 1304/(-40)?
3
Suppose 2*q = 8 - 28. Let m(k) = 11 + 0*k + 9 + k - 1. What is the units digit of m(q)?
9
Suppose f + 315 = -4*f. Let b be ((-2)/(-3))/(6/f). What is the units digit of (b + 2)*4/(-10)?
2
Let r(v) be the first derivative of 9*v**2 + 16*v + 19. What is the hundreds digit of r(6)?
1
Suppose 4*u - i - 6 = 0, -5*i = -9*u + 5*u + 14. What is the units digit of 13*2 + u/(7/(-28))?
2
Let q = -931 + 2419. What is the units digit of q?
8
Let x(d) = 694*d**2 + 9*d + 8. What is the hundreds digit of x(-1)?
6
Suppose -157 = -4*f - l, -31 + 108 = 2*f + l. Suppose 1106 = -33*b + f*b. What is the hundreds digit of b?
1
Suppose 2*j + 20 = -2*j - 3*w, -3*j + 5*w = 15. What is the tens digit of -92*3*j/60?
2
Suppose -4*s + 11340 = -o, -12*s + 16*s - 11340 = 4*o. What is the units digit of s?
5
Let q = 983 + -404. What is the hundreds digit of q?
5
Let x(g) = -g**3 + 2*g**2 + 3*g. Let i be x(3). Suppose 3*l - 9 = i, -4*v - 5*l + 210 = v. What is the units digit of v?
9
Let s be (-960)/(-9) - 6/9. Let f = s + -30. What is the tens digit of f?
7
What is the tens digit of (-5)/(-45) - (-128052)/81?
8
What is the tens digit of (2295/6)/(8/16)?
6
Let k = 955 - 171. What is the hundreds digit of k?
7
Suppose 0 = 14*i + 1066 - 142. Suppose 0*l = -2*l + 204. Let q = l + i. What is the units digit of q?
6
Suppose -291*z + 277*z = -3178. What is the hundreds digit of z?
2
Suppose -11*q - 20 = -15*q. Suppose -q*s = -2*s - 192. What is the units digit of s?
4
Let v = 100 + 74. What is the tens digit of v?
7
Let a = 42 - 38. Suppose -t = -3*t - 5*w + 436, -a*t = -3*w - 872. What is the tens digit of t?
1
Suppose 2*a = -2*b - 162, -5*b - 4*a - 243 - 167 = 0. Suppose d - 2*g = -6*g + 142, 0 = g - 3. Let c = b + d. What is the units digit of c?
4
Let l = 0 + -4. Let g be (-6)/4 - (-27)/6. What is the tens digit of (-159)/(-2 + l + g)?
5
Suppose 3 = -3*p, -y + 0*p + 7 = -5*p. Let b = 355 + -340. Let j = y + b. What is the tens digit of j?
1
Let k = -1 + 21. What is the hundreds digit of (-5424)/(-20) - 4/k?
2
Let m(r) = -2*r**2 - 5*r + 2840. What is the hundreds digit of m(0)?
8
Suppose -2*a